tors of 9858 - 27/(27/9)?
3, 7, 67
Let o = 168 + -157. Suppose o*s + 13936 = 24*s. List the prime factors of s.
2, 67
Suppose -5*l - 17 = 3*q, 0*l - 21 = l + 5*q. Let r(n) = -810*n - 16. List the prime factors of r(l).
2, 397
Let j = -2607 - -2784. What are the prime factors of j?
3, 59
Let f(c) = -7*c**2 + 61. Let u be f(-11). Let v = 1264 + u. List the prime factors of v.
2, 239
Suppose -h + 8 = 3*h + 4*g, -3*h + g = -6. Suppose 1 = -q - 3*t - 2, h*q - 34 = 2*t. What are the prime factors of -4*((-74)/2 - q/16)?
151
Let t = -222 - -251. Suppose 4*r = 3*m + 1713, 0 = -28*r + t*r + 3*m - 432. List the prime factors of r.
3, 11, 13
Suppose 0 = -4*k + 2*r + 22, -k - 3 = 3*r + 9. Suppose -8*v = -k*v + 5*n - 110, -5*v + 130 = n. List the prime factors of 2/3*(v - 9).
2, 3
Let d be ((-84)/(-30))/(-1) - 1/5. What are the prime factors of (-1142 + d)/((-15)/18)?
2, 3, 229
Let p = -12643 + 26039. What are the prime factors of p?
2, 17, 197
Suppose g + b = 8, 0 = -0*g - g + 3*b - 12. Suppose -g*n = 15, -2*r - 14 + 1 = 3*n. Suppose -131 = -4*x + r. List the prime factors of x.
3, 11
Suppose -65 + 47 = -6*p. Suppose 5*o = p*r + r + 1603, r - 649 = -2*o. List the prime factors of o.
17, 19
Suppose 7*d - 26096 = 23*s - 24*s, 0 = 2*d + 4*s - 7456. List the prime factors of d.
2, 233
Suppose -2*y = -7*y + 4*t + 2616, 2*y - 4*t = 1044. Let i = y - 359. What are the prime factors of i?
3, 5, 11
What are the prime factors of 21/((-2)/(1*-3260*(-19)/(-38)))?
3, 5, 7, 163
Suppose 38*f = 18*f. Suppose -4*t = 5*l - 494, 3*l = -f*t - 3*t + 294. List the prime factors of l.
2, 3, 17
Suppose 0 = 278*l - 198*l - 1697680. List the prime factors of l.
21221
Let z(d) = -1. Let t(q) = 18*q - 48. Let v(w) = -t(w) + z(w). List the prime factors of v(-6).
5, 31
Let b be (12 + 0)*(-77)/22. Suppose -7*g = 2*g + 1872. Let i = b - g. What are the prime factors of i?
2, 83
Let y = 700 - 185. What are the prime factors of (y + 40/(-5))/(2/2)?
3, 13
Let z(x) = 71*x**3 - 5. Let q be z(2). Suppose -3*j + 0*j + 1680 = 3*l, 0 = -l + 2*j + q. What are the prime factors of l?
3, 11, 17
Suppose 0 = 4*a - 3*g - 2287, 5*a + 0*g - 3*g - 2855 = 0. Suppose 0 = 3*u - a - 950. What are the prime factors of u?
2, 11, 23
Let a(r) be the third derivative of r**4/8 + r**3/6 - 2*r**2. Let p be a(1). List the prime factors of 177/(-6)*(2 - p).
59
Let j = -352 + 1572. Suppose -3*z + k + k = -j, 2*z + 2*k = 800. What are the prime factors of z?
2, 101
Let y = -45 + 48. Suppose y*j = 3*r - 183, 4*r + r + 2*j - 312 = 0. Suppose 3*b + 20 = r. List the prime factors of b.
2, 7
Let t(r) = -r**3 + 15*r**2 - 63*r - 8. Let l be t(7). What are the prime factors of (-5812)/(-22) + (5 - l/(-11))?
2, 3, 11
Suppose 0 = 14*g - 3684 - 25842. Suppose -3*a = 5*v - g, 2*v - 4*a - 966 = -112. List the prime factors of v.
3, 47
Let z(i) be the third derivative of i**6/120 + i**5/30 - i**4/12 + 97*i**3/6 - 3*i**2 + 6*i. What are the prime factors of z(0)?
97
Let h(p) be the second derivative of -p**5 - p**4/3 - 7*p**3/6 + 3*p**2/2 + 93*p. List the prime factors of h(-3).
2, 3, 11
Suppose -3*f - 1351 = -3*h - 44680, 2*f - 28879 = 3*h. What are the prime factors of f?
2, 5, 17
Let b = -2755 + 6101. What are the prime factors of b?
2, 7, 239
What are the prime factors of (-58364)/(((-4)/(-18))/((-2088)/(-162) + -13))?
2, 14591
Let o be (0 - 1980/(-25))*(0 - -30). Suppose -8*u + 6*u + o = -2*m, -4*m - 2372 = -2*u. List the prime factors of u.
2, 5, 7, 17
Suppose 16*w + 5417 = 42921. Suppose 5*x - x = w. Suppose r - 349 = -2*r - 2*b, b + x = 5*r. List the prime factors of r.
3, 13
Let v(s) = 15*s**2 - 6*s - 33. Let y = -9 + 5. Let z be v(y). List the prime factors of 0 + -3 + -1 + z.
227
Let s = -527 + -1325. Let b = 2683 + s. List the prime factors of b.
3, 277
Suppose -3*l - 25 = -7. Let y = l - -2. List the prime factors of ((-582)/(-15))/(y/(-60)*3).
2, 97
Let w(y) = -613*y**3 - 2*y**2 - 2*y. Let x = 34 + -35. List the prime factors of w(x).
613
What are the prime factors of 20/12*3 + 324639/63?
2, 2579
Let s be 3/(-12) - 37/(-4). Let d(b) = 3*b**2 - 14*b + 11. Let l be d(s). Suppose v - 3*v - l = -3*x, v + 1 = 0. List the prime factors of x.
2, 3, 7
Suppose -229*s + 9937944 = 49*s. List the prime factors of s.
2, 3, 331
Let l = 1 - 2. Let o be (1/(-1))/(l/13). Let q = o - -50. List the prime factors of q.
3, 7
Let a(n) = -n - 2. Let d(u) = 33*u + 285. Let y(l) = -5*a(l) - d(l). List the prime factors of y(-23).
3, 41
Suppose -6569860 = 364*u - 20148880. List the prime factors of u.
3, 5, 829
Let k(q) = 342*q - 8. Let a(b) = 2051*b - 49. Let d(h) = 6*a(h) - 35*k(h). List the prime factors of d(2).
2, 7, 47
Let x = 10058 - 8213. List the prime factors of x.
3, 5, 41
Let m be ((-40)/(-130))/((-6)/(-39)). Suppose 25*n - 24*n = -b + 633, -5*n = -m*b - 3151. What are the prime factors of n?
631
Let m(w) = -3*w - 27. Let b be (2 - 4/20)*-5. Let p be m(b). Suppose 19*x - 22*x + 621 = p. What are the prime factors of x?
3, 23
Let n = -203 - -247. Suppose 52*p = n*p + 13040. What are the prime factors of p?
2, 5, 163
Suppose -5*r + 29675 = -97510. What are the prime factors of r?
3, 61, 139
Suppose -3*k - 8 = k. Let p(c) = -11 - 3 - 34*c + 40 - 11 - 13. What are the prime factors of p(k)?
2, 5, 7
Let o be (-16)/(-8)*(-9 + -1807). Let w = -2333 - o. List the prime factors of w.
3, 433
Let w(o) be the third derivative of 7*o**4/8 - 4*o**3 - 2*o**2 - 10*o. List the prime factors of w(39).
3, 5, 53
Let u = 973 + -971. Let c be 1/4 - 15/(-4). Suppose 4*y - c*m = -u*m + 284, -5*y = -4*m - 358. List the prime factors of y.
2, 5, 7
Suppose 3*o = o + 36. Suppose -13 = y - o. Suppose -2*m = 2*f - 206, -7*f + y*f + m = -212. List the prime factors of f.
3, 5, 7
Let v(n) = 0 + n**3 - 2*n**3 - 2 + 2*n + 4 + 2*n**3. Let c be (-10)/(-3) - 4/(-6). List the prime factors of v(c).
2, 37
What are the prime factors of (-4)/((-52)/(-65)) - (-20954 - -1) - 3?
5, 59, 71
Let l = 1785 + -764. Let q = -894 + l. List the prime factors of q.
127
Let i(r) = 4*r**2 + r - 6. Let j be i(2). Let y(w) = -3*w + j*w + 11 + 18*w + 4. List the prime factors of y(9).
2, 3, 43
Suppose 5248 = 2*p - 2*a - 7306, -6265 = -p - 3*a. List the prime factors of p.
2, 3137
Suppose -3*j = -190 + 1195. Let u = j - -385. What are the prime factors of u?
2, 5
Let g(a) = -a**3 + 4*a**2 + 6*a - 13. Let v be g(-11). Suppose 2*u - 1043 = -3*r, 5*r + 19*u = 18*u + v. What are the prime factors of r?
347
Let o be ((-3 - -3)/1)/(1 + -3). Suppose 0 = -38*u + 35*u - t + 997, -5*u + t + 1675 = o. What are the prime factors of u?
2, 167
List the prime factors of (-2)/(-4) + (5 - 51702/(-12)).
2, 3, 719
Let o(s) = -132*s - 16. Let w = 49 + -51. List the prime factors of o(w).
2, 31
Suppose -3*k + o = -3*o + 88, -k - 41 = o. Let l be (-25012)/k - (-6)/27. List the prime factors of 4/6 + l/15.
47
Let x(w) = -3*w**2 + 12*w - 44. Let n be x(5). Let v = 165 - n. What are the prime factors of v?
2, 7
Let w(a) = a**3 + a**2 + 15*a - 2. Let j(b) = -16*b - 169. Let z be j(-11). List the prime factors of w(z).
3, 5, 11
What are the prime factors of (15136 - (8 + 8)) + -14?
2, 7, 13, 83
Let y(j) be the first derivative of 3*j**2/2 - 15*j + 5. Let n be y(6). What are the prime factors of (-1)/(n/9) - -108?
3, 5, 7
Let i be (-31)/62 - 1/(-2). Suppose i = 4*t - 731 - 193. What are the prime factors of t?
3, 7, 11
Let z(v) = -2*v**3 - 14*v**2 + 21*v + 41. Let x be z(-8). Let b = -11 - -6. What are the prime factors of 14*(b/(-2))/(x/5)?
5, 7
Suppose 0 = o + 1, 0*c + 2*c - 15395 = 5*o. What are the prime factors of c?
3, 5, 19
Let y be (-30)/(-20)*(2 + -4) - -5. List the prime factors of 1908/(-8)*(-3 + 2)*y.
3, 53
Suppose -2*q + 2*f - 5*f - 1 = 0, 7 = 5*q - 2*f. Let l(y) = 154*y**2. List the prime factors of l(q).
2, 7, 11
Let t(i) = -i**2 - 16*i + 4. Let u be t(-16). Suppose -5*o - 21 + 131 = -5*h, 96 = u*o - 2*h. List the prime factors of o.
2, 13
Let r be 14/(-10) - (-6)/15 - 0. Let m be r + ((-3)/12 - 22/8). Let a(d) = -d**2 - 5*d - 1. What are the prime factors of a(m)?
3
Let r(a) = -a**2 + 29*a + 20. Let u be r(28). Suppose u*b = 50*b - 1616. List the prime factors of b.
2, 101
List the prime factors of (-6 + -6)*38249/(-69).
2, 1663
Let u(p) be the second derivative of -p**5/20 + 13*p**4/4 + 26*p**2 - 